96.
24
What is the greatest common divisor of 272 and 8738?
34
What is the greatest common factor of 4664 and 88?
88
Calculate the greatest common factor of 936 and 32.
8
What is the highest common factor of 43262 and 194?
194
What is the highest common factor of 369 and 82?
41
Calculate the highest common factor of 3315 and 306.
51
What is the greatest common divisor of 44 and 594?
22
Calculate the highest common divisor of 184 and 72.
8
Calculate the highest common divisor of 6499 and 67.
67
Calculate the highest common divisor of 20 and 6250.
10
Calculate the greatest common divisor of 154 and 3157.
77
Calculate the highest common factor of 3 and 37.
1
Calculate the greatest common factor of 323 and 19.
19
Calculate the greatest common factor of 45 and 240.
15
What is the greatest common factor of 1 and 86?
1
What is the greatest common divisor of 43 and 731?
43
What is the greatest common divisor of 165 and 66?
33
What is the greatest common divisor of 140 and 6940?
20
What is the highest common divisor of 54 and 27?
27
What is the highest common divisor of 24 and 2676?
12
Calculate the highest common divisor of 5753 and 44.
11
What is the highest common factor of 378 and 210?
42
What is the highest common divisor of 1100 and 900?
100
Calculate the greatest common factor of 18 and 1818.
18
What is the highest common divisor of 1079 and 507?
13
What is the greatest common factor of 267 and 3?
3
Calculate the greatest common factor of 9568 and 96.
32
Calculate the greatest common factor of 27 and 3.
3
Calculate the highest common factor of 47 and 423.
47
Calculate the greatest common factor of 95 and 855.
95
What is the highest common divisor of 297 and 1551?
33
What is the greatest common factor of 426 and 568?
142
What is the highest common factor of 20 and 640?
20
Calculate the highest common factor of 30 and 1110.
30
Calculate the greatest common factor of 250 and 60.
10
What is the highest common factor of 405 and 30?
15
What is the greatest common divisor of 27 and 1323?
27
What is the highest common factor of 11 and 40381?
11
What is the greatest common factor of 16 and 2096?
16
Calculate the highest common factor of 119 and 21.
7
Calculate the highest common factor of 25 and 6480.
5
What is the highest common divisor of 32 and 72656?
16
Calculate the highest common divisor of 45 and 750.
15
Calculate the highest common divisor of 7260 and 396.
132
What is the greatest common factor of 12 and 172?
4
Calculate the highest common divisor of 400 and 960.
80
What is the greatest common factor of 12 and 132?
12
Calculate the greatest common factor of 3959 and 37.
37
Calculate the greatest common divisor of 4732 and 84.
28
Calculate the greatest common factor of 11 and 517.
11
Calculate the highest common divisor of 451 and 615.
41
What is the greatest common factor of 12 and 53340?
12
Calculate the highest common factor of 3766 and 28.
14
What is the highest common divisor of 704 and 44?
44
Calculate the greatest common divisor of 53 and 159.
53
Calculate the greatest common factor of 69 and 2.
1
What is the greatest common factor of 1085 and 9331?
217
Calculate the highest common divisor of 132 and 176.
44
What is the greatest common divisor of 639 and 261?
9
What is the highest common factor of 37 and 2923?
37
What is the greatest common factor of 96 and 7232?
32
Calculate the greatest common divisor of 805 and 161.
161
Calculate the highest common divisor of 1152 and 198.
18
Calculate the greatest common divisor of 34 and 2.
2
Calculate the highest common factor of 57 and 6156.
57
What is the greatest common factor of 102 and 680?
34
Calculate the highest common factor of 54 and 2.
2
What is the highest common divisor of 525 and 18200?
175
Calculate the greatest common divisor of 16543 and 699.
233
Calculate the greatest common divisor of 368 and 1012.
92
What is the highest common factor of 234 and 78?
78
What is the greatest common factor of 172 and 301?
43
What is the highest common divisor of 8 and 520?
8
Calculate the highest common factor of 16 and 600.
8
Calculate the greatest common divisor of 63 and 522.
9
What is the greatest common factor of 225 and 36?
9
What is the greatest common divisor of 196 and 20?
4
Calculate the greatest common divisor of 4 and 2.
2
Calculate the greatest common factor of 133 and 285.
19
Calculate the greatest common factor of 338 and 416.
26
Calculate the greatest common factor of 217 and 21.
7
What is the greatest common divisor of 18 and 243?
9
What is the highest common factor of 13 and 13?
13
What is the highest common factor of 1784 and 8?
8
What is the greatest common divisor of 24 and 32?
8
Calculate the highest common divisor of 429 and 39.
39
What is the greatest common factor of 244 and 1281?
61
What is the highest common divisor of 608 and 950?
38
What is the greatest common factor of 407 and 44?
11
What is the greatest common factor of 77 and 55?
11
Calculate the greatest common divisor of 23 and 2461.
23
Calculate the highest common divisor of 363 and 18.
3
Calculate the greatest common factor of 26 and 13689.
13
What is the highest common factor of 35 and 30?
5
Calculate the greatest common factor of 60 and 204.
12
Calculate the greatest common factor of 60 and 60.
60
Calculate the highest common divisor of 6280 and 320.
40
Calculate the greatest common factor of 595 and 210.
35
Calculate the highest common factor of 26 and 7787.
13
Calculate the greatest common divisor of 3068 and 468.
52
Calculate the greatest common divisor of 414 and 184.
46
What is the highest common factor of 496 and 2720?
16
What is the highest common factor of 138 and 7912?
46
Calculate the greatest common factor of 605 and 1694.
121
What is the greatest common factor of 522 and 1914?
174
Calculate the greatest common factor of 45 and 155.
5
What is the highest common divisor of 528 and 330?
66
What is the highest common factor of 26255 and 295?
295
Calculate the greatest common divisor of 8160 and 195.
15
Calculate the greatest common factor of 536 and 8.
8
What is the highest common factor of 30 and 3432?
6
Calculate the greatest common divisor of 1665 and 8658.
333
Calculate the greatest common factor of 539 and 22.
11
What is the greatest common factor of 204 and 34?
34
What is the greatest common divisor of 3854 and 188?
94
Calculate the highest common factor of 1596 and 60.
12
Calculate the greatest common factor of 2220 and 330.
30
Calculate the highest common divisor of 345 and 465.
15
What is the greatest common factor of 12145 and 70?
35
Calculate the highest common divisor of 20 and 45.
5
Calculate the highest common factor of 252 and 14.
14
What is the highest common divisor of 658 and 70?
14
What is the highest common divisor of 609 and 174?
87
What is the greatest common divisor of 13 and 4576?
13
Calculate the highest common divisor of 1064 and 2394.
266
Calculate the greatest common factor of 2142 and 126.
126
Calculate the greatest common factor of 637 and 403.
13
What is the highest common divisor of 76 and 171?
19
Calculate the greatest common factor of 200 and 1080.
40
Calculate the highest common factor of 61985 and 245.
245
What is the greatest common factor of 24 and 32?
8
What is the greatest common divisor of 5889 and 117?
39
Calculate the highest common factor of 60 and 945.
15
Calculate the highest common divisor of 28 and 35.
7
What is the highest common divisor of 70 and 20?
10
Calculate the greatest common factor of 129 and 6.
3
What is the greatest common divisor of 81 and 513?
27
What is the highest common divisor of 55 and 11?
11
What is the highest common factor of 972 and 6912?
108
Calculate the highest common factor of 104 and 18.
2
What is the greatest common factor of 2392 and 299?
299
What is the highest common factor of 96 and 1080?
24
Calculate the highest common factor of 1404 and 312.
156
Calculate the greatest common divisor of 44 and 583.
11
What is the greatest common divisor of 423 and 3666?
141
Calculate the highest common factor of 90 and 54.
18
What is the highest common factor of 21 and 987?
21
Calculate the highest common divisor of 44 and 1364.
44
Calculate the greatest common divisor of 248 and 9796.
124
Calculate the greatest common divisor of 27 and 2